igit of 1372479?
4
What is the tens digit of 312448?
4
What is the hundred thousands digit of 286306?
2
What is the hundreds digit of 548021?
0
What is the tens digit of 259635?
3
What is the hundred thousands digit of 2699398?
6
What is the thousands digit of 842182?
2
What is the hundred thousands digit of 1092352?
0
What is the tens digit of 110425?
2
What is the ten millions digit of 16859587?
1
What is the millions digit of 1313569?
1
What is the millions digit of 1236898?
1
What is the units digit of 1738804?
4
What is the units digit of 248588?
8
What is the ten thousands digit of 423813?
2
What is the tens digit of 1889077?
7
What is the tens digit of 132048?
4
What is the hundreds digit of 13191637?
6
What is the tens digit of 5723773?
7
What is the ten thousands digit of 13903898?
0
What is the thousands digit of 4726566?
6
What is the hundred thousands digit of 19974432?
9
What is the hundreds digit of 511069?
0
What is the millions digit of 1100474?
1
What is the hundred thousands digit of 1970024?
9
What is the thousands digit of 74904?
4
What is the ten thousands digit of 608268?
0
What is the hundred thousands digit of 1569280?
5
What is the thousands digit of 28384049?
4
What is the units digit of 644385?
5
What is the ten thousands digit of 3014007?
1
What is the ten thousands digit of 1465276?
6
What is the hundred thousands digit of 142835?
1
What is the hundreds digit of 2603?
6
What is the units digit of 273078?
8
What is the ten millions digit of 17220563?
1
What is the millions digit of 1814561?
1
What is the units digit of 196394?
4
What is the hundred thousands digit of 8116164?
1
What is the thousands digit of 527788?
7
What is the units digit of 10029346?
6
What is the hundred thousands digit of 565686?
5
What is the ten thousands digit of 661659?
6
What is the hundreds digit of 177763?
7
What is the tens digit of 9828?
2
What is the units digit of 13061211?
1
What is the thousands digit of 515249?
5
What is the tens digit of 27145973?
7
What is the thousands digit of 2448917?
8
What is the tens digit of 31775?
7
What is the hundreds digit of 3817119?
1
What is the hundred thousands digit of 15496022?
4
What is the units digit of 80017?
7
What is the thousands digit of 122755?
2
What is the hundreds digit of 1707047?
0
What is the hundreds digit of 7328536?
5
What is the hundred thousands digit of 236445?
2
What is the tens digit of 292436?
3
What is the hundred thousands digit of 602215?
6
What is the tens digit of 567881?
8
What is the thousands digit of 2354154?
4
What is the thousands digit of 3811373?
1
What is the hundreds digit of 365087?
0
What is the thousands digit of 1964248?
4
What is the ten thousands digit of 22343907?
4
What is the thousands digit of 6272346?
2
What is the units digit of 36166?
6
What is the ten thousands digit of 594009?
9
What is the hundred thousands digit of 403001?
4
What is the units digit of 145248?
8
What is the ten thousands digit of 5036851?
3
What is the hundreds digit of 244670?
6
What is the millions digit of 20865432?
0
What is the hundred thousands digit of 173294?
1
What is the thousands digit of 937235?
7
What is the ten thousands digit of 41392960?
9
What is the hundred thousands digit of 4007140?
0
What is the ten thousands digit of 1859894?
5
What is the units digit of 38593?
3
What is the hundreds digit of 11942?
9
What is the hundreds digit of 19431344?
3
What is the units digit of 26773306?
6
What is the ten thousands digit of 4714411?
1
What is the units digit of 648275?
5
What is the thousands digit of 46618?
6
What is the thousands digit of 35053841?
3
What is the hundreds digit of 21382353?
3
What is the millions digit of 29860752?
9
What is the millions digit of 4268161?
4
What is the thousands digit of 211084?
1
What is the hundred thousands digit of 25709139?
7
What is the tens digit of 25397316?
1
What is the ten millions digit of 11572164?
1
What is the tens digit of 462918?
1
What is the thousands digit of 833518?
3
What is the units digit of 6855108?
8
What is the units digit of 15505866?
6
What is the hundreds digit of 25030?
0
What is the hundreds digit of 1536145?
1
What is the hundreds digit of 45616?
6
What is the tens digit of 478573?
7
What is the thousands digit of 1775809?
5
What is the hundred thousands digit of 4491006?
4
What is the hundred thousands digit of 969916?
9
What is the tens digit of 736427?
2
What is the hundreds digit of 3080154?
1
What is the ten thousands digit of 261521?
6
What is the thousands digit of 9626509?
6
What is the millions digit of 2226636?
2
What is the ten thousands digit of 889717?
8
What is the units digit of 5591706?
6
What is the thousands digit of 3171517?
1
What is the units digit of 748187?
7
What is the units digit of 7376437?
7
What is the tens digit of 5254267?
6
What is the millions digit of 2201141?
2
What is the ten thousands digit of 130884?
3
What is the tens digit of 47750?
5
What is the ten thousands digit of 179426?
7
What is the units digit of 78571?
1
What is the hundreds digit of 218194?
1
What is the units digit of 159141?
1
What is the ten thousands digit of 3105596?
0
What is the ten thousands digit of 9199621?
9
What is the units digit of 22800487?
7
What is the ten thousands digit of 62747?
6
What is the units digit of 120281?
1
What is the millions digit of 4452162?
4
What is the thousands digit of 1088679?
8
What is the units digit of 11970930?
0
What is the hundreds digit of 613693?
6
What is the tens digit of 418812?
1
What is the hundred thousands digit of 1000448?
0
What is the units digit of 1304707?
7
What is the millions digit of 1949877?
1
What is the tens digit of 509130?
3
What is the thousands digit of 32724241?
4
What is the units digit of 111606?
6
What is the hundreds digit of 557683?
6
What is the thousands digit of 2614376?
4
What is the hundred thousands digit of 276169?
2
What is the tens digit of 16012935?
3
What is the hundred thousands digit of 1149243?
1
What is the thousands digit of 2600047?
0
What is the units digit of 5017724?
4
What is the hundreds digit of 64626?
6
What is the thousands digit of 4350525?
0
What is the millions digit of 2268448?
2
What is the thousands digit of 12772376?
2
What is the hundreds digit of 205265?
2
What is the units digit of 5638094?
4
What is the hundreds digit of 324862?
8
What is the thousands digit of 257483?
7
What is the ten thousands digit of 15282616?
8
What is the thousands digit of 8136086?
6
What is the tens digit of 586129?
2
What is the tens digit of 25160367?
6
What is the units digit of 225310?
0
What is the tens digit of 2303227?
2
What is the hundreds digit of 1401536?
5
What is the hundreds digit of 67833?
8
What is the hundred thousands digit of 3027436?
0
What is the units digit of 10017515?
5
What is the hundred thousands digit of 2049859?
0
What is the tens digit of 11695198?
9
What is the tens digit of 951209?
0
What is the thousands digit of 250590?
0
What is the tens digit of 7471960?
6
What is the units digit of 31780850?
0
What is the thousands digit of 7842260?
2
What is the hundreds digit of 1173982?
9
What is the hundreds digit of 235341?
3
What is the units digit of 11654473?
3
What is the tens digit of 8889028?
2
What is the hundred thousands digit of 770267?
7
What is the hundreds digit of 1187770?
7
What is the units digit of 5743303?
3
What is the hundred thousands digit of 1020735?
0
What is the ten thousands digit of 535056?
3
What is the thousands digit of 917228?
7
What is the units digit of 144232?
2
What is the hundreds digit of 131638?
6
What is the units digit of 1756029?
9
What is the tens digit of 334592?
9
What is the ten thousands digit of 213268?
1
What is the thousands digit of 15834043?
4
What is the thousands digit of 849144?
9
What is the tens digit of 667875?
7
What is the hundreds digit of 3842?
8
What is the tens digit of 505403?
0
What is the hundreds digit of 716560?
5
What is the hundred thousands digit of 618592?
6
What is the hundreds digit of 300692?
6
What is the tens digit of 2842749?
4
What is the units digit of 5810714?
4
What is the ten millions digit of 32947350?
3
What is the units digit of 1525407?
7
What is the ten thousands digit of 744426?
4
What is t